{"id":4,"date":"2008-01-14T16:17:00","date_gmt":"2008-01-14T15:17:00","guid":{"rendered":"http:\/\/winter.artur.eu\/wordpress\/?page_id=4"},"modified":"2025-08-09T12:39:25","modified_gmt":"2025-08-09T11:39:25","slug":"leistungen","status":"publish","type":"page","link":"http:\/\/www.kunstbuero-winter.de\/wordpress\/leistungen\/","title":{"rendered":"Leistungen und Kompetenzen"},"content":{"rendered":"<p align=\"left\">Kunstb\u00fcro Winter arbeitete an der Schnittstelle zwischen \u00f6ffentlichen Institutionen, wie Museen, und K\u00fcnstlern, kunstinteressierten Wirtschaftsunternehmen, der \u00d6ffentlichkeit und Presse sowie f\u00f6rdernden Sponsoren oder Stiftungen. Insbesondere \u00fcbernahm das\u00a0Kunstb\u00fcro Winter kuratorische T\u00e4tigkeiten und wissenschaftliche Forschungen f\u00fcr Ausstellungen, Katalogbeitr\u00e4ge, ausstellungsbegleitende Veranstaltungen und Vortr\u00e4ge. F\u00fcr Zeitschriften erstellte es fachjournalistische Beitr\u00e4ge. Details ihrer Vita k\u00f6nnen Sie unter Referenzen einsehen.<\/p>\n<p align=\"left\">Nach der Ansiedlung in Bevagna\/Italien im Jahr 2022 setze ich die Reiset\u00e4tigkeit in Italien fort und lebe meine Pflanzwut im Garten aus.<\/p>\n","protected":false},"excerpt":{"rendered":"<p>Kunstb\u00fcro Winter arbeitete an der Schnittstelle zwischen \u00f6ffentlichen Institutionen, wie Museen, und K\u00fcnstlern, kunstinteressierten Wirtschaftsunternehmen, der \u00d6ffentlichkeit und Presse sowie f\u00f6rdernden Sponsoren oder Stiftungen. Insbesondere \u00fcbernahm das\u00a0Kunstb\u00fcro Winter kuratorische T\u00e4tigkeiten und wissenschaftliche Forschungen f\u00fcr Ausstellungen, Katalogbeitr\u00e4ge, ausstellungsbegleitende Veranstaltungen und Vortr\u00e4ge. F\u00fcr Zeitschriften erstellte es fachjournalistische Beitr\u00e4ge. Details ihrer Vita k\u00f6nnen Sie unter Referenzen einsehen. Nach [&hellip;]<\/p>\n","protected":false},"author":2,"featured_media":0,"parent":0,"menu_order":0,"comment_status":"open","ping_status":"open","template":"","meta":{"footnotes":""},"class_list":["post-4","page","type-page","status-publish","hentry"],"_links":{"self":[{"href":"http:\/\/www.kunstbuero-winter.de\/wordpress\/wp-json\/wp\/v2\/pages\/4","targetHints":{"allow":["GET"]}}],"collection":[{"href":"http:\/\/www.kunstbuero-winter.de\/wordpress\/wp-json\/wp\/v2\/pages"}],"about":[{"href":"http:\/\/www.kunstbuero-winter.de\/wordpress\/wp-json\/wp\/v2\/types\/page"}],"author":[{"embeddable":true,"href":"http:\/\/www.kunstbuero-winter.de\/wordpress\/wp-json\/wp\/v2\/users\/2"}],"replies":[{"embeddable":true,"href":"http:\/\/www.kunstbuero-winter.de\/wordpress\/wp-json\/wp\/v2\/comments?post=4"}],"version-history":[{"count":5,"href":"http:\/\/www.kunstbuero-winter.de\/wordpress\/wp-json\/wp\/v2\/pages\/4\/revisions"}],"predecessor-version":[{"id":270,"href":"http:\/\/www.kunstbuero-winter.de\/wordpress\/wp-json\/wp\/v2\/pages\/4\/revisions\/270"}],"wp:attachment":[{"href":"http:\/\/www.kunstbuero-winter.de\/wordpress\/wp-json\/wp\/v2\/media?parent=4"}],"curies":[{"name":"wp","href":"https:\/\/api.w.org\/{rel}","templated":true}]}}